66).
10
Let h(w) = -2*w**3 + 88*w**2 - 94*w + 112. Determine h(43).
-232
Let c(t) = t**2 + 29*t - 80736. What is c(270)?
-6
Let b(x) = -6*x**2 - 96*x - 568. Give b(-6).
-208
Let c(y) = -21*y**2 - 2*y - 3. Give c(-2).
-83
Let z(p) = 3*p**3 - 87*p**2 + 67*p + 29. What is z(28)?
-447
Let v(g) = -g**2 + 22*g - 86. Determine v(26).
-190
Let o(r) = -r**3 + 57*r**2 + 120*r - 136. What is o(59)?
-18
Let a(q) = q**3 + 25*q**2 - 26*q - 86. Give a(-26).
-86
Let s(x) = -x**2 + 40*x - 351. Give s(29).
-32
Let g(q) = 11*q**3 - q**2 + 6*q - 13. Calculate g(3).
293
Let l(o) = -2*o**3 + 140*o**2 + o - 79. What is l(70)?
-9
Let l(c) = -90*c - 1009. Calculate l(-16).
431
Let l(i) = i**3 + 50*i**2 + 155*i + 649. Determine l(-47).
-9
Let l(c) = 2*c**2 - 32*c - 28. Calculate l(16).
-28
Let d(f) = f**3 + 7*f**2 - 8*f - 57. Calculate d(-6).
27
Let c(j) = 3941*j - 35464. Determine c(9).
5
Let z(v) = -100*v + 9022. Give z(90).
22
Let l(j) = 4*j**2 - 49*j - 166. Calculate l(-3).
17
Let q(h) = 7735*h - 30937. Determine q(4).
3
Let v(p) = 1043*p + 3129. Give v(-3).
0
Let b(x) = x**3 + 36*x**2 + 48*x + 464. What is b(-35)?
9
Let v(y) = -505*y - 18182. Determine v(-36).
-2
Let i(q) = -q**2 - 86*q - 459. Determine i(-80).
21
Let m(b) = -b**3 - 7*b**2 + 139*b + 1126. Give m(-8).
78
Let s(x) = 10*x**2 - 460*x - 51. What is s(46)?
-51
Let c(s) = -6*s**2 - 179*s - 123. Determine c(-29).
22
Let q(h) = 3*h**2 - 54*h - 835. Determine q(-10).
5
Let w(x) = -19*x - 384. Calculate w(-19).
-23
Let n(b) = -247*b - 4699. Give n(-19).
-6
Let j(c) = 951*c - 948. Give j(1).
3
Let h(l) = 4*l**3 + 143*l**2 - 343*l + 17. Calculate h(-38).
55
Let j(p) = 25*p**2 + 895*p - 73. Calculate j(-36).
107
Let k(h) = -h**3 + 16*h**2 + 13*h + 52. Determine k(17).
-16
Let a(g) = 9*g**2 - 161*g + 422. Determine a(3).
20
Let u(t) = 4*t**3 - 35*t**2 + 16*t + 62. What is u(8)?
-2
Let o(h) = 4*h**2 - 48*h - 285. Determine o(-5).
55
Let k(p) = p**3 + 22*p**2 - 39*p - 873. Calculate k(-22).
-15
Let n(c) = c + 214. Calculate n(-191).
23
Let f(c) = 399*c - 21923. What is f(55)?
22
Let m(a) = 362*a + 2531. Give m(-7).
-3
Let y(o) = -103*o + 16471. Give y(160).
-9
Let x(d) = -1501*d - 193629. What is x(-129)?
0
Let o(j) = -j**3 - 82*j**2 + 1452*j - 293. Determine o(-97).
-2
Let n(g) = g**3 + 17*g**2 + 16*g + 18. Give n(-16).
18
Let n(z) = -89*z + 42. Calculate n(2).
-136
Let z(a) = -a**3 - 36*a**2 - 183*a - 84. Determine z(-30).
6
Let n(i) = 3*i**2 + 110*i + 423. What is n(-4)?
31
Let y(q) = -9*q**3 - 13*q**2 + 23*q - 11. What is y(2)?
-89
Let j(p) = -214*p + 2159. Calculate j(10).
19
Let y(b) = 4*b**2 + 149*b - 15839. What is y(47)?
0
Let k(g) = 2*g**3 - 15*g**2 + 2*g - 18. Give k(8).
62
Let x(w) = -5*w + 84. What is x(-21)?
189
Let o(w) = -35*w + 368. Give o(11).
-17
Let c(z) = -2*z**2 + 17*z + 3. Determine c(-6).
-171
Let s(t) = -t**3 - 6*t**2 + 994*t + 4951. Calculate s(-5).
-44
Let t(o) = o**2 + 521*o - 6392. Determine t(12).
4
Let z(u) = -u**3 - 7*u**2 + 3*u + 10. Determine z(-6).
-44
Let i(b) = 5*b**2 - 176*b - 2828. Calculate i(-12).
4
Let r(g) = -39*g + 260. What is r(10)?
-130
Let a(b) = -5*b**2 - 24*b - 144. Calculate a(-13).
-677
Let n(i) = 6*i + 52. Determine n(33).
250
Let q(k) = k**2 + 598*k - 7326. Calculate q(12).
-6
Let b(k) = -k**3 - 14*k**2 - 26*k + 34. Calculate b(-3).
13
Let t(r) = r**2 + 7*r + 16. Calculate t(-19).
244
Let y(u) = -u**2 + 68*u - 437. What is y(61)?
-10
Let w(d) = 46*d + 3191. Give w(-69).
17
Let f(q) = q**3 + 2*q**2 + 3*q + 13. Calculate f(-4).
-31
Let v(l) = 5*l**2 - 10*l + 72. What is v(5)?
147
Let i(m) = 200*m + 583. Calculate i(-4).
-217
Let w(v) = -160*v + 697. Calculate w(6).
-263
Let c(h) = 67*h + 529. What is c(-10)?
-141
Let r(g) = -3*g**2 - 183*g + 2388. Determine r(11).
12
Let g(q) = 121*q**2 + 735*q + 43. Calculate g(-6).
-11
Let m(x) = 2*x**2 + 242*x + 1167. What is m(-5)?
7
Let w(i) = -3021*i + 69488. Determine w(23).
5
Let o(r) = -48*r + 669. Calculate o(14).
-3
Let w(i) = 4*i**2 - 38*i - 77. What is w(-2)?
15
Let g(y) = -y**3 - y**2 + 9*y - 2. Give g(5).
-107
Let d(g) = -g**2 - 10*g + 452. Calculate d(18).
-52
Let g(r) = -r**2 - 54*r - 27. Calculate g(-37).
602
Let v(h) = -2*h**2 + 9*h + 19. Calculate v(9).
-62
Let t(q) = -2*q**3 - 83*q**2 - 198*q - 194. What is t(-39)?
-77
Let u(f) = f**3 + 9*f**2 - 12*f - 2. Give u(-10).
18
Let f(l) = l**3 + 2*l**2 - 3*l - 2. Calculate f(-2).
4
Let s(b) = 66*b - 290. Give s(7).
172
Let v(x) = -6*x**2 + 34*x + 109. Calculate v(8).
-3
Let b(k) = k**3 + 43*k**2 + 3*k - 3. Give b(-43).
-132
Let y(q) = -3*q**3 - 24*q**2 + 31*q + 110. Calculate y(-9).
74
Let l(k) = -3*k**3 - 21*k**2 - 101. Determine l(0).
-101
Let c(x) = 1593*x + 9523. What is c(-6)?
-35
Let n(q) = -q**3 + 2*q**2 - 3*q + 3. Calculate n(-4).
111
Let f(z) = -10*z**2 - 121*z + 2211. What is f(10)?
1
Let j(c) = 14*c**2 + 73*c + 44. Calculate j(-5).
29
Let s(y) = y**2 + 261*y + 6923. Give s(-30).
-7
Let p(h) = 141*h - 3946. Give p(28).
2
Let j(u) = 5073*u - 45662. Give j(9).
-5
Let k(z) = 2*z**3 + 99*z**2 - 48*z + 59. What is k(-50)?
-41
Let i(z) = -5*z**2 + 27*z - 23. Calculate i(10).
-253
Let g(n) = n**3 - 9*n**2 - 86*n - 56. Calculate g(15).
4
Let m(v) = 3*v**3 + 14*v**2 + 6*v - 13. Calculate m(-4).
-5
Let a(o) = 69*o + 1281. Calculate a(-18).
39
Let b(c) = -6*c**2 - 141*c + 77. Determine b(-24).
5
Let v(t) = -t**2 - 63*t - 452. Calculate v(-56).
-60
Let i(k) = -7*k + 182. What is i(20)?
42
Let c(h) = -31*h**2 + 184*h + 3. What is c(9)?
-852
Let n(c) = -147*c + 2776. Determine n(19).
-17
Let u(z) = -z**3 - 11*z**2 + 34*z - 104. Determine u(-14).
8
Let m(y) = 245*y - 127. Calculate m(1).
118
Let m(f) = -200*f + 159. Calculate m(1).
-41
Let x(a) = a**3 + 93*a**2 - 811*a - 301. Calculate x(-101).
2
Let l(f) = f**2 + 2837*f + 14161. Determine l(-5).
1
Let l(d) = 17*d**2 + 58*d + 57. What is l(-4)?
97
Let r(o) = 5*o**3 + 79*o**2 + 290. Give r(-16).
34
Let g(w) = -1946*w - 1937. Determine g(-1).
9
Let n(z) = 86*z + 379. What is n(-4)?
35
Let c(y) = -2*y**2 - 49*y + 1843. Determine c(-45).
-2
Let a(n) = -4*n**2 - 57*n - 500. Calculate a(-9).
-311
Let d(b) = 5*b**2 - 47*b + 30. Calculate d(9).
12
Let v(b) = 4*b**2 + 23*b + 70. Determine v(-4).
42
Let d(c) = 4*c**3 + 4*c**2 + 13*c - 7. Determine d(0).
-7
Let u(r) = -2*r**3 - 195*r**2 - 100*r - 270. Determine u(-97).
21
Let d(c) = -c**3 - 64*c**2 - 675*c - 602. Give d(-51).
10
Let v(h) = -72*h**2 + 7705*h - 111. Determine v(107).
-4
Let q(w) = 4*w**2 + 86*w + 227. Determine q(-3).
5
Let j(a) = -a**2 + 93*a - 2170. Calculate j(42).
-28
Let n(c) = -c**2 + 60*c + 428. Determine n(-7).
-41
Let u(l) = -324*l + 44690. Give u(138).
-22
Let l(x) = -46*x - 1784. Give l(-39).
10
Let w(s) = -2*s**2 - 165*s - 1326. Determine w(-9).
-3
Let h(w) = -w**3 - 28*w**2 + 30*w + 637. What is h(-28)?
-203
Let y(o) = -4*o**2 - 70*o - 107. Give y(-15).
43
Let g(f) = f**2 - 43*f + 340. Determine g(33).
10
Let i(b) = b**2 + 145*b + 5262. What is i(-77)?
26
Let w(x) = x**3 - 10*x**2 + 72*x - 385. What is w(5)?
-150
Let r(n) = 5*n**2 - 328*n + 2777. Give r(10).
-3
Let i(w) = 5*w**3 + 46*w**2 - 99*w + 4. Give i(2).
30
Let l(u) = -4*u**2 - 38*u + 62. Determine l(2).
-30
Let v(o) = 53*o + 737. Determine v(-15).
-58
Let c(r) = -r**3 - 54*r**2 - 63*r + 2136. What is c(-52)?
4
Let h(r) = -1768*r - 40672. What is h(-23)?
-8
Let z(p) = -p**2 - 80*p + 1190. Give z(13).
-19
Let y(x) = x**3 + 35*x**2 + 299*x - 32. Give y(-16).
48
Let c(s) = s**3 - 38*s**2 - 1573*s + 26. Give c(-25).
-24
Let m(n) = 2*n**2 - 103*n + 1128. What is m(36)?
12
Let d(m) = -32*m + 471. What is d(-11)?
823
Let y(i) = 7*i - 79. Calculate y(18).
47
Let o(z) = 3*z**2 + 73*z - 245. Determine o(3).
1
Let r(z) = 60*z - 1865. Determine r(31).
-5
Let r(f) = 87*f + 6093. Determine r(-70).
3
Let g(z) = 13*z**3 + 2*z**2 + 6*z + 7. Give g(-2).
-101
Let h(r) = 20*r**3 + r**2 - 9*r + 9. Give h(1).
21
Let m(a) = -a**3 - 12*a**2 - 609*a - 6584. What is m(-11)?
-6
Let a(o) = -99*o - 1686. Give a(-17).
-3
Let y(o) = -2*o**2 + 4*o + 59. Calculate y(8).
-37
Let t(q) = 2*q**2 + 118*q + 229. Determine t(-57).
1
Let y(j) = -134*j - 671. Give y(-5).
-1
Let h(k) = -k**2 + 3*k + 29. Determine h(0).
29
Let d(y) = -y**2 + 19*y + 388. Give d(32).
-28
Let d(q) = 2*q**3 + 105*q**2 - 21*q + 1694. Determine d(-53).
-2
Le